2) + d/6. Suppose -s + 10 + 0 = -k*l, 55 = 5*s - 5*l. Does 8 divide s?
False
Suppose 3*a = -a + 44. Does 10 divide a?
False
Let c(u) = 8*u**2. Does 4 divide c(-1)?
True
Let t = 1 + 2. Suppose 12 = 3*a, 0*i - t*a - 98 = -5*i. Does 18 divide i?
False
Suppose -6 = 3*v - 27. Is 24 a factor of (-2)/(((-14)/30)/v)?
False
Suppose -4*c = 2*r - 0*r - 82, c = 5*r + 48. Let a = 44 - c. Suppose -2*p = o - 29, -2*o + 3*o = 2*p + a. Is 20 a factor of o?
False
Suppose -5*b = -3 - 7. Suppose 3 = -b*m - 1. Is -4 - m - (-14)/1 a multiple of 12?
True
Let q(f) = f**3 - 6*f**2 + 5*f - 12. Does 39 divide q(8)?
True
Let i(t) be the second derivative of -3*t + 0*t**3 - 1/12*t**4 + 5/4*t**5 + 0*t**2 + 0. Is i(1) a multiple of 8?
True
Let u(c) = c**2 - c + 2. Let f be u(2). Is f/(-22) - (-1550)/55 a multiple of 18?
False
Does 14 divide (-17109)/(-72) + 6/16?
True
Suppose -4*l = 2*l - 792. Is l a multiple of 33?
True
Let y(d) be the second derivative of -d**4/12 - 2*d**3 - 13*d**2/2 - 10*d. Is y(-10) even?
False
Let f(q) = q**2 - 2*q - 5. Let o be f(-5). Let l = o + -16. Does 4 divide l?
False
Let f(q) = -2*q + 7. Is f(-3) a multiple of 13?
True
Let x(v) = 9*v**2 - v + 2. Let q(c) = c**3 - 3*c**2 + 2. Let w be q(3). Let n be -3 + 3 - -1*w. Is x(n) a multiple of 18?
True
Suppose -27 + 312 = 15*c. Does 2 divide c?
False
Let n(z) be the first derivative of z**4/4 + 4*z**3/3 - z**2/2 - 4*z - 23. Suppose 2*k = -0 - 6. Does 3 divide n(k)?
False
Suppose 8 + 46 = 3*g. Let y = 4 + -2. Suppose 4 + g = y*u. Does 11 divide u?
True
Let n = -1 + 6. Suppose 0*l + n*m - 82 = -4*l, 4*m + 8 = 0. Is 9 a factor of l?
False
Suppose -98 - 46 = -8*c. Is 7 a factor of c?
False
Let y(f) = -f**2 - 8*f - 2. Let d be y(-9). Let p = 3 - d. Does 6 divide p?
False
Suppose b - 16 = -7. Is b a multiple of 3?
True
Let z = 31 - 14. Suppose 4*d = -n + z, -3 = 4*d - 23. Is (-2)/(-1 + n/(-6)) a multiple of 4?
True
Let f(d) = d**2 - 6*d + 1. Let h(t) = -t**2 + 7*t. Let m(v) = 5*f(v) + 4*h(v). Does 13 divide m(4)?
True
Is 1/((-35)/(-17) - (5 + -3)) a multiple of 2?
False
Suppose 0 = 4*v + 20, -16 = 5*f - 2*v + 4. Suppose -c - 3*c + 48 = 0. Let z = f + c. Does 3 divide z?
True
Suppose 2*t - 22 - 20 = 0. Is t a multiple of 20?
False
Suppose -3*h + g = -4*g - 18, -5*g + 12 = 2*h. Let a(r) be the third derivative of -r**4/24 + 2*r**3 - 2*r**2. Is a(h) a multiple of 3?
True
Let r = 10 - 6. Suppose -g = -2*p, r*p = -p. Is 14 a factor of (-1 - g)*(-220)/4?
False
Suppose 0 = -3*u + 18 - 6. Is u/(-8) - (-29)/2 a multiple of 14?
True
Let o(u) = 14*u - 2. Let j be (-1 + -4)*(-3)/5. Does 20 divide o(j)?
True
Let o be ((-6)/8)/(3/(-240)). Suppose -2*m + o = 4*t, 0 = m - 0*m - 2*t - 42. Suppose c - 4*c = -m. Is c a multiple of 9?
False
Let b = -195 - -311. Does 29 divide b?
True
Let s(b) = b**3 + b**2 + b + 1. Suppose -2*i - 5 = -3. Let m be s(i). Suppose -5*u = -m*u - 50. Does 10 divide u?
True
Suppose 4*z - 3*p - 543 = -96, 3*z - 5*p - 349 = 0. Is 27 a factor of z?
True
Suppose s + 184 = 4*b, 0*b + 4*s - 29 = -b. Is 15 a factor of b?
True
Let q = -239 - -400. Is q a multiple of 23?
True
Suppose -l = -0*l - 3*n + 12, 5*l - 5*n = -10. Suppose l*a - 93 = -5*u + 68, 0 = 5*u + 4*a - 158. Is 12 a factor of u?
False
Let a = 12 - 38. Let i = a - -70. Is 22 a factor of i?
True
Let p = 234 - -231. Is p a multiple of 15?
True
Suppose -5*x = h + 37, -3*h - 7 = -2*x + 19. Let n(d) = -d. Is 4 a factor of n(h)?
True
Let s = 77 + -40. Is s a multiple of 8?
False
Suppose 0 = -3*w + 12 + 3. Suppose 5*t + 75 = 5*k + 2*t, 5*t + 85 = w*k. Is k a multiple of 6?
True
Let k = -37 - -73. Suppose 40 + k = 2*f - 3*i, -5*i + 25 = f. Is 18 a factor of f?
False
Let p = 82 + 46. Is p a multiple of 8?
True
Let u(l) = 4*l - 5. Let d(b) = 1. Let s(r) = 7*r - 4. Let q(n) = -5*d(n) + s(n). Let v(m) = -3*q(m) + 5*u(m). Is 4 a factor of v(-6)?
True
Let h be -1 + ((-1)/(-1) - -96). Suppose t - h = -2*t. Suppose 3*q = t + 37. Is 8 a factor of q?
False
Let r(d) = d**2 + 3*d + 4. Is r(-2) even?
True
Let y(w) = -w + 4. Let l be y(2). Suppose 11 = 5*a - x, -2*a - 3*x - l*x = -26. Let u = a - -2. Is u a multiple of 3?
False
Let t(h) = h**2 - 10*h + 9. Let j be t(9). Let x(l) = l**3 + l + 11. Is x(j) a multiple of 11?
True
Let y(h) be the first derivative of 3*h**2 + 2*h - 1. Let v be 24/15 - (-2)/5 - -3. Is y(v) a multiple of 16?
True
Let d = 9 + -4. Suppose -5*m - 20 = -d. Let l = 1 - m. Is l a multiple of 2?
True
Is 33*2*(-5)/(-15) a multiple of 6?
False
Suppose 48*d - 43*d = 140. Is 3 a factor of d?
False
Let i be 4/(-16) + 98/8. Let l = i + -6. Suppose -112 = 2*s - l*s. Is 14 a factor of s?
True
Let u = 73 + -43. Suppose 0 = -r - 2*r + u. Is r/(-45) + (-274)/(-18) a multiple of 10?
False
Let n(d) = -d + 7. Let y be n(13). Let j(k) = k + 6. Let f be j(-6). Let i = f - y. Is 3 a factor of i?
True
Suppose 2*x - 2*m = 68, -180 = -5*x + 5*m - 10*m. Suppose -4*c + 18 = -2*c - 2*g, -4*c + 5*g = -x. Is 6 a factor of c?
False
Let l be ((-6)/(-4))/((-9)/(-204)). Let v = 15 - l. Let k = v - -32. Does 8 divide k?
False
Let p = -65 + 135. Is 3 a factor of p?
False
Suppose -28 = -4*p + 3*p. Is 14 a factor of p?
True
Suppose 0 = 5*n + 2*n - 175. Is n a multiple of 6?
False
Suppose 7*z = 4*z - 51. Let m = 49 + z. Is m a multiple of 16?
True
Suppose -v - 29 = -6*g + g, 5*v + 25 = 5*g. Let s = g - 0. Is 4 a factor of (-2 - 3/(-3)) + s?
False
Suppose 0*v - v + 16 = 0. Suppose -v = 4*i, 3*u - i = -3*i + 109. Is u a multiple of 8?
False
Let z(n) = n**3 + 6*n**2 - 7*n + 3. Let v be z(-7). Suppose 0 = -v*r + 2 + 16. Is 6 a factor of r?
True
Is 10/(5/(-2) - -3) a multiple of 15?
False
Is 7 a factor of (-35 + -2 + -2)/(-1)?
False
Suppose -5*g - 52 = -b, 2*b + g - 85 - 30 = 0. Is 24 a factor of b?
False
Suppose 0*x + 24 = 2*x + 2*u, -4*u = -5*x + 60. Is x/((-4)/(2 - 6)) a multiple of 11?
False
Suppose k - 67 = 2*r, -3*r + 87 = -0*k + k. Let l be 3*(k/9 - -2). Let p = -18 + l. Is p a multiple of 5?
False
Let u(w) = -w - 1. Let r be u(-5). Suppose r*p + 4*v + 100 = 0, 3*p - 28 = 4*p - 2*v. Let k = -14 - p. Is k a multiple of 12?
True
Let t(m) = -m**3 + 5*m**2 - 1. Suppose 65 = o + 4*o. Let v = o + -9. Is 11 a factor of t(v)?
False
Does 31 divide (3 - 3/6)*(-248)/(-10)?
True
Let p(b) be the first derivative of 23*b**3/3 - b**2/2 - b - 1. Let x be p(2). Suppose v - 23 = -3*y + y, -3*v = y - x. Does 12 divide v?
False
Suppose -2*j + 102 = c - 2*c, 4*j - 216 = 5*c. Let x = -3 + 3. Suppose k + 5*f - 32 = x, -f - 7 - j = -5*k. Is k a multiple of 12?
True
Let c(p) = -5*p - 18. Does 6 divide c(-6)?
True
Let u be 3 + (1/(-1) - -2). Suppose -4*z + u*i = 5*i - 41, -2*z = -i - 19. Is z a multiple of 5?
True
Let j = 74 + -50. Is 8 a factor of j?
True
Suppose -2*u = n - 1, n + 15 - 4 = 4*u. Suppose 3 = -4*p + k, u*k + 25 = -3*k. Is 0 + (7 - (0 - p)) a multiple of 4?
False
Let x = -10 - -7. Is 8 a factor of 10/15 + (-46)/x?
True
Let j(p) = p**2 + 3*p - 2. Let b be j(-4). Suppose b*s - 148 = -2*s. Is s a multiple of 19?
False
Let t = -16 + 18. Suppose b - t*b + 5 = -k, -b = -4*k - 5. Is b a multiple of 5?
True
Suppose 2*l + l = 132. Let o = 86 - l. Is 14 a factor of o?
True
Let i(r) = -5*r - 7. Let j be 8/(-20)*(2 + 8). Let z be j/4*10/2. Does 18 divide i(z)?
True
Let p(n) be the first derivative of 6*n**2 - 1 - 2*n**2 - 1 - 6*n. Does 13 divide p(4)?
True
Let u = -48 + 75. Suppose 0 = 2*k + k + u. Is 11 a factor of (-3)/k - (-184)/6?
False
Let j(l) = l**2 + 70. Does 14 divide j(0)?
True
Suppose 0*x + 4*x = 44. Let n = x - 8. Is 3 a factor of n?
True
Let x(z) = 30*z + 2. Is x(1) a multiple of 10?
False
Let g(u) = 3*u**2 - 3*u + 2. Let k be g(-6). Suppose 0*t + k = 4*t. Is 32 a factor of t?
True
Let q be (-1)/(-3 + (-220)/(-72)). Let a = -10 - q. Is 4 a factor of a?
True
Let k be 1/(-5) + 4959/45. Let v = k + -38. Is 24 a factor of v?
True
Suppose 0 = 2*k - k - 4. Suppose k*c - 8 = 52. Suppose 0 = -g + c + 8. Is g a multiple of 8?
False
Let x = -4 - -54. Let m(q) = 3*q**2. Let g be m(1). Let j = g + x. Is 15 a factor of j?
False
Let m(d) = 13*d**2 - 7*d + 22. Is 12 a factor of m(5)?
True
Let x(v) = 9*v**2 + v + 1. Let j be x(3). Suppose -5*g - 5*r = j, 0 = -r + 2 - 7. Does 16 divide (-117)/g*(-16)/(-6)?
False
Suppose -t = -0*t. Let p(c) = c + 2*c**2 - 3 + t*c + 4*c. Is 9 a factor of p(-4)?
True
Suppos